he prime factors of c(-9).
2
Let k(n) = -n + 5. Let l be k(6). Let p(v) = 15*v**3 + 2*v**2 + v. Let s be p(l). Let a = -3 - s. List the prime factors of a.
11
Let d = -1 - -5. Let u(i) = i**2 + i - 7. Let l(r) = r**2 + 2*r - 8. Let t(m) = 5*l(m) - 6*u(m). What are the prime factors of t(d)?
2
Let u(f) be the second derivative of 5*f**4/6 + f**2/2 - 8*f. What are the prime factors of u(1)?
11
Let a be 4/(-4) + 2 - -1. Suppose -d - 40 = -3*u + d, 0 = 5*u + a*d - 56. List the prime factors of u.
2, 3
What are the prime factors of (-70)/(-10) + 0 + 1?
2
Let t = -17 + 29. Let l = 3 + t. Suppose 3*r - l = 12. What are the prime factors of r?
3
Suppose 2*h = 81 + 1. Let c = -25 + h. List the prime factors of c.
2
Let f(q) = -2*q**2 - q. Suppose -3*b + r - 2 = 0, -b + 3*r - 2 + 4 = 0. Let k be f(b). What are the prime factors of k*(1 - -5)/(-3)?
2
Suppose -2*g - 3*w - 6 = -84, -2*g = -2*w - 58. What are the prime factors of g?
3, 11
Let h(d) = d**3 + 9*d**2 + 10*d + 4. What are the prime factors of h(-6)?
2, 13
Let g be ((-5)/2)/((-1)/2). Suppose -112 = -4*t - 3*a, -5*a = -g*t + 97 + 43. Suppose -s + 5*s - t = 0. What are the prime factors of s?
7
Let f be -5*1/(15/(-6)). Let u(p) = 6*p - 3. Let r be u(f). What are the prime factors of 3*(33/r + 0)?
11
Suppose 4*p - 209 = 267. List the prime factors of p.
7, 17
Let d(k) = 10*k**2 - 2*k**3 + 3*k**3 + 5*k - 35 + 26. What are the prime factors of d(-9)?
3
List the prime factors of 356 + 1 + (-3 - -1)/2.
2, 89
Let o(i) = -i**3 - 8*i**2 + i + 4. Let d(x) = -2*x**3 - 15*x**2 + 3*x + 8. Let s(j) = -3*d(j) + 5*o(j). What are the prime factors of s(-5)?
2
Suppose 7*n = 5*n + 328. What are the prime factors of n?
2, 41
Let t be 1/3 - (-10)/(-3). Let x(c) = -c**3 - 3*c**2 + 1. Let j be x(t). List the prime factors of (-6)/(-3) + 1 + j.
2
Suppose -5*j = -j - 184. List the prime factors of j.
2, 23
What are the prime factors of (15/(-6))/5 - (-195)/2?
97
Let a be ((-99)/15)/(2/10). Let r = a + 54. What are the prime factors of (-4)/(-1)*r/6?
2, 7
Let s be (-3 + (-57)/(-15))*10. Suppose s*l - 3*l = 195. List the prime factors of l.
3, 13
Let n(m) = 4*m**2 - 4*m - 5. What are the prime factors of n(4)?
43
Let z(n) be the second derivative of -n**4/12 + 7*n**3/6 - 3*n. List the prime factors of z(3).
2, 3
Suppose -2*y + 3*v = -3, -5*y + 30 = -2*y + 4*v. Let f be 21/y*(3 - 1). Suppose -j + 56 = 5*u, -u + 3*j + f = -1. List the prime factors of u.
11
Let w(b) = 4*b**3 + b**2 - b. Let y(c) = -c**2 - 4*c - 3. Let u be y(-2). Let r be w(u). Suppose z - r*g = -1, g - 1 = 3. What are the prime factors of z?
3, 5
Suppose -2*d = -l - 6, 0 = 5*l + 5*d - 43 + 13. Suppose 0 = -l*b - 2*b + 16. Suppose -3*z - 1 - 7 = -b*u, -2*z + 33 = 5*u. What are the prime factors of u?
5
Suppose 2*k - 28 = 8. Suppose 4*j - j - 30 = 5*w, -3*w + 2*j - k = 0. List the prime factors of (w/(-15))/((-2)/(-10)).
2
Suppose 4*m + f - 11 = 0, 2*f = 3 + 3. Suppose l + 5*s = -l + 57, -84 = -m*l + 4*s. Suppose l = 3*t + t. What are the prime factors of t?
3
Let m(a) = 26*a**2 + 2*a + 2. List the prime factors of m(-1).
2, 13
Let q = -23 - -13. Let r(c) = c**2 + 9*c + 15. What are the prime factors of r(q)?
5
Let f(i) = i**3 + 4*i**2. Let c(r) = -r**3 + 3*r**2 - r. Let u be c(2). Let l be (u - -1) + -2 - 4. What are the prime factors of f(l)?
3
Suppose 3*a + 2*a = 10. Suppose -f - 2 = 0, a*k + f = k + 19. List the prime factors of k.
3, 7
Let a = 3 + 0. Let r = 0 + 3. Suppose -u = 2*u - 6, -a*u = -r*c + 9. List the prime factors of c.
5
Let t(f) = f**2 + 7. Suppose 3*c + 3 = -3*l, 0 = -c + 6*c - 4*l + 41. List the prime factors of t(c).
2
Suppose -4*z + 7*z = 6. Let k = -1 + z. Let f(h) = 9*h**3 + 2*h**2 - 1. List the prime factors of f(k).
2, 5
Suppose -5 = -3*o + 4. List the prime factors of o.
3
Let v = -5 + -2. Let c(l) = -l - 4. Let m be c(v). Let h = m - -6. List the prime factors of h.
3
Let q(n) = n**2 + 4*n + 17. What are the prime factors of q(-6)?
29
Suppose -3*u - 9 = -3*z + 30, 56 = 5*z - 2*u. Suppose -5*n + z*n + 4*r - 174 = 0, n - 42 = r. What are the prime factors of n?
2, 19
Let d(s) = -7*s**3 + 11*s**2 + 7*s. Let o(b) = b**3 - b**2 + 1. Let a(x) = d(x) + 6*o(x). Let p be (-4)/((-10)/6 - -1). List the prime factors of a(p).
2, 3
Suppose -3*a - 70 = 3*l + a, -a + 21 = -l. Let w = 42 + l. List the prime factors of w.
2, 5
Let g = 0 - -6. Let l = g + 4. List the prime factors of l.
2, 5
Let u(c) = 3*c - 6. Let g be u(4). Suppose 32 = -2*i + g*i. What are the prime factors of i?
2
Suppose 0*f - 5*f = -3*q - 504, -4*f + 400 = -4*q. What are the prime factors of f?
2, 3, 17
Let o(g) = 3*g**2 + 11*g + 4. List the prime factors of o(-6).
2, 23
Suppose -3*y + 0*o - o = -315, -2*y - 5*o = -197. List the prime factors of y.
2, 53
Let h be 4/(-10) + (-321)/(-15). Let p = -8 + h. Suppose -1 = 2*v - p. What are the prime factors of v?
2, 3
Suppose -2*x + 2 = -4*x, 5*s + 4*x - 91 = 0. What are the prime factors of s?
19
Suppose -2 = -c, c + 8 = j - 0*c. List the prime factors of j.
2, 5
Let a(c) = 6*c**2 - 3*c - 3. Let r be a(-3). Let k = r - 38. Suppose 2*m + 0*m - k = 0. List the prime factors of m.
11
Let p(h) = -h**3 - h**2 - 7. Let o be p(0). Suppose 5*u = 2*n - 26, u - 6*n = -n + 4. What are the prime factors of u - -4 - o*1?
5
Let x be (40/(-3))/5*3. Let n(g) = g - 2. Let a be n(x). Let d = 1 - a. List the prime factors of d.
11
Let m(x) = -x**2 - 3*x + 29. What are the prime factors of m(-5)?
19
Let w = -67 - -100. Suppose w = -i + 2*i. What are the prime factors of i?
3, 11
Suppose -7*z = -20 - 15. What are the prime factors of 12/15 + 76/z?
2
Let q = 14 - 11. Suppose 5*v - q*o = 113, -3*v - 2*o = -6*o - 70. What are the prime factors of v?
2, 11
Let g be 1/(((-8)/(-10))/4). What are the prime factors of 3 - 0 - (-5 + g)?
3
Let p be (-4)/14 - 15/21. Let v = 11 - p. List the prime factors of v.
2, 3
Let u(a) = -a**3 - 5*a**2 - 2*a - 7. Let w be u(-7). Suppose 4*m = -m + w. List the prime factors of m.
3, 7
Let i = 1 - -1. Suppose 3*k = -5*g + i*k + 13, -g - 4 = -2*k. Suppose -q + 6 = -g. List the prime factors of q.
2
List the prime factors of 119 - (4 + 0 + -9).
2, 31
Suppose 0 = -4*l + 5*g - 67 + 179, -2*l = -5*g - 66. List the prime factors of l.
23
Let r = 9 - -64. What are the prime factors of r?
73
What are the prime factors of 2/(-2 + (-12)/(-4))?
2
Let m(j) = 122*j + 5. List the prime factors of m(1).
127
Let b = -44 - -67. Suppose 0 = 3*x - 4*x + b. List the prime factors of x.
23
Let a = 195 - 28. List the prime factors of a.
167
Let y = -6 + 10. Suppose 0*t + 4*i + 4 = y*t, 0 = -3*t - 2*i + 28. List the prime factors of t.
2, 3
List the prime factors of 10*(-7)/((-7)/3).
2, 3, 5
Let y = 12 - 8. Suppose -4*l - 2*z = -42, y*l + 4*z - 5*z = 27. What are the prime factors of l?
2
Let k(y) = y**2 - y - 2. Let x be k(-2). Suppose 26 = -x*s - 22. Let n = s + 23. List the prime factors of n.
11
Let s be (-22)/18 - (-14)/63. Let r(l) = 2*l**2 + l + 1. What are the prime factors of r(s)?
2
Suppose -5*h + 42 + 33 = 0. Let k = h - 1. List the prime factors of k.
2, 7
Let w(h) = h + 2. Let g be w(0). Suppose -2*u + g*q + 2 = 0, 2*u = 4*q - 7*q - 23. What are the prime factors of 18/8 + 1/u?
2
Let r be (-6)/(-2) + (-7 - -9). Suppose 126 = 4*q - 4*i + r*i, 87 = 3*q - 3*i. List the prime factors of q.
31
Let c be 4/(-18) + (-1248)/(-27). Suppose t - 3*t + c = 0. What are the prime factors of t/2 + 1/2?
2, 3
Suppose 2*q = v + 3*q - 340, 4*v = -2*q + 1370. List the prime factors of v.
3, 5, 23
List the prime factors of (-6)/((-18)/105) - 3.
2
Suppose -5*y + 3*v - 6*v = -255, -113 = -2*y + v. List the prime factors of y.
2, 3
Suppose -5*z - 2*c + 322 = 0, -5*c + 51 + 146 = 3*z. Suppose -15*o = -12*o - 9. Suppose -o*b + z = b. What are the prime factors of b?
2
Suppose 3*j - 204 = -57. What are the prime factors of j?
7
Suppose 4*k - k = 390. What are the prime factors of k?
2, 5, 13
Let f(i) = 3*i - 5. Let p be f(5). Suppose 0 = 2*r + p, -2*r + 4*r = -4*x + 2. List the prime factors of x.
3
Let m(g) = -g**3 + 13*g**2 + 7*g - 3. Let z(i) = 3*i**3 - 38*i**2 - 20*i + 10. Let r(f) = 17*m(f) + 6*z(f). List the prime factors of r(7).
2
Suppose -5*h + r + 489 = 0, -3*h + 2*r = -143 - 156. What are the prime factors of h?
97
Suppose 0 = 5*j - p - 261, 5*j - 8